s the remainder when 1565 is divided by 146?
105
What is the remainder when 34 is divided by 25?
9
What is the remainder when 3172 is divided by 20?
12
What is the remainder when 40 is divided by 31?
9
Calculate the remainder when 138 is divided by 20.
18
What is the remainder when 283 is divided by 48?
43
Calculate the remainder when 13870 is divided by 204.
202
Calculate the remainder when 888 is divided by 113.
97
Calculate the remainder when 2417 is divided by 203.
184
Calculate the remainder when 87 is divided by 33.
21
What is the remainder when 164 is divided by 24?
20
Calculate the remainder when 286 is divided by 47.
4
What is the remainder when 234 is divided by 11?
3
Calculate the remainder when 796 is divided by 134.
126
Calculate the remainder when 72 is divided by 51.
21
What is the remainder when 789 is divided by 11?
8
What is the remainder when 607 is divided by 16?
15
Calculate the remainder when 49 is divided by 10.
9
Calculate the remainder when 7655 is divided by 132.
131
Calculate the remainder when 1575 is divided by 264.
255
What is the remainder when 972 is divided by 963?
9
Calculate the remainder when 863 is divided by 15.
8
What is the remainder when 1121 is divided by 11?
10
What is the remainder when 1541 is divided by 128?
5
Calculate the remainder when 294 is divided by 30.
24
What is the remainder when 256 is divided by 31?
8
What is the remainder when 179 is divided by 14?
11
Calculate the remainder when 161 is divided by 38.
9
What is the remainder when 208 is divided by 108?
100
Calculate the remainder when 85 is divided by 24.
13
Calculate the remainder when 255 is divided by 63.
3
Calculate the remainder when 356 is divided by 45.
41
What is the remainder when 367 is divided by 129?
109
What is the remainder when 473 is divided by 75?
23
Calculate the remainder when 1448 is divided by 64.
40
Calculate the remainder when 1559 is divided by 64.
23
What is the remainder when 7 is divided by 3?
1
What is the remainder when 1873 is divided by 619?
16
Calculate the remainder when 359 is divided by 12.
11
What is the remainder when 78 is divided by 38?
2
Calculate the remainder when 2947 is divided by 50.
47
Calculate the remainder when 156 is divided by 38.
4
Calculate the remainder when 92 is divided by 28.
8
Calculate the remainder when 1879 is divided by 18.
7
Calculate the remainder when 1110 is divided by 333.
111
What is the remainder when 179 is divided by 100?
79
What is the remainder when 592 is divided by 292?
8
What is the remainder when 251 is divided by 63?
62
What is the remainder when 279 is divided by 67?
11
Calculate the remainder when 567 is divided by 22.
17
What is the remainder when 163 is divided by 41?
40
Calculate the remainder when 76 is divided by 3.
1
Calculate the remainder when 103 is divided by 53.
50
What is the remainder when 153 is divided by 100?
53
What is the remainder when 368 is divided by 37?
35
What is the remainder when 16 is divided by 8?
0
Calculate the remainder when 691 is divided by 139.
135
Calculate the remainder when 103 is divided by 49.
5
Calculate the remainder when 3168 is divided by 266.
242
Calculate the remainder when 114 is divided by 15.
9
What is the remainder when 302 is divided by 163?
139
What is the remainder when 1722 is divided by 30?
12
What is the remainder when 854 is divided by 19?
18
What is the remainder when 560 is divided by 182?
14
Calculate the remainder when 152 is divided by 39.
35
What is the remainder when 251 is divided by 21?
20
What is the remainder when 63 is divided by 13?
11
Calculate the remainder when 857 is divided by 145.
132
What is the remainder when 94 is divided by 28?
10
Calculate the remainder when 1380 is divided by 456.
12
Calculate the remainder when 312 is divided by 92.
36
What is the remainder when 441 is divided by 26?
25
Calculate the remainder when 32 is divided by 25.
7
What is the remainder when 59 is divided by 11?
4
What is the remainder when 1675 is divided by 56?
51
Calculate the remainder when 1732 is divided by 51.
49
Calculate the remainder when 206 is divided by 19.
16
What is the remainder when 364 is divided by 52?
0
Calculate the remainder when 3618 is divided by 51.
48
What is the remainder when 1451 is divided by 361?
7
Calculate the remainder when 93 is divided by 31.
0
What is the remainder when 543 is divided by 78?
75
Calculate the remainder when 415 is divided by 212.
203
What is the remainder when 255 is divided by 38?
27
What is the remainder when 1118 is divided by 10?
8
Calculate the remainder when 1223 is divided by 46.
27
What is the remainder when 1050 is divided by 198?
60
What is the remainder when 229 is divided by 144?
85
What is the remainder when 177 is divided by 86?
5
What is the remainder when 661 is divided by 37?
32
What is the remainder when 1250 is divided by 207?
8
Calculate the remainder when 257 is divided by 132.
125
What is the remainder when 947 is divided by 254?
185
What is the remainder when 636 is divided by 308?
20
What is the remainder when 45 is divided by 16?
13
Calculate the remainder when 77 is divided by 8.
5
What is the remainder when 94 is divided by 30?
4
What is the remainder when 20 is divided by 7?
6
What is the remainder when 1513 is divided by 395?
328
What is the remainder when 415 is divided by 33?
19
What is the remainder when 855 is divided by 9?
0
What is the remainder when 2794 is divided by 13?
12
Calculate the remainder when 96 is divided by 9.
6
What is the remainder when 566 is divided by 52?
46
What is the remainder when 498 is divided by 101?
94
Calculate the remainder when 94 is divided by 5.
4
Calculate the remainder when 76 is divided by 17.
8
Calculate the remainder when 227 is divided by 124.
103
Calculate the remainder when 403 is divided by 99.
7
What is the remainder when 136 is divided by 42?
10
What is the remainder when 884 is divided by 81?
74
What is the remainder when 16 is divided by 7?
2
What is the remainder when 4840 is divided by 19?
14
Calculate the remainder when 348 is divided by 44.
40
Calculate the remainder when 449 is divided by 65.
59
Calculate the remainder when 4502 is divided by 62.
38
What is the remainder when 488 is divided by 31?
23
What is the remainder when 99 is divided by 49?
1
What is the remainder when 37 is divided by 13?
11
What is the remainder when 365 is divided by 83?
33
What is the remainder when 76 is divided by 32?
12
What is the remainder when 28 is divided by 28?
0
What is the remainder when 8038 is divided by 134?
132
What is the remainder when 129 is divided by 37?
18
Calculate the remainder when 260 is divided by 33.
29
What is the remainder when 314 is divided by 15?
14
What is the remainder when 462 is divided by 84?
42
Calculate the remainder when 79 is divided by 36.
7
Calculate the remainder when 4001 is divided by 154.
151
Calculate the remainder when 8704 is divided by 198.
190
Calculate the remainder when 672 is divided by 335.
2
What is the remainder when 471 is divided by 53?
47
What is the remainder when 227 is divided by 117?
110
What is the remainder when 251 is divided by 15?
11
What is the remainder when 171 is divided by 127?
44
Calculate the remainder when 107 is divided by 27.
26
Calculate the remainder when 12242 is divided by 11.
10
Calculate the remainder when 1365 is divided by 14.
7
Calculate the remainder when 402 is divided by 7.
3
Calculate the remainder when 8228 is divided by 196.
192
Calculate the remainder when 33 is divided by 7.
5
What is the remainder when 286 is divided by 68?
14
Calculate the remainder when 231 is divided by 34.
27
What is the remainder when 3748 is divided by 121?
118
Calculate the remainder when 413 is divided by 27.
8
What is the remainder when 171 is divided by 166?
5
Calculate the remainder when 2667 is divided by 16.
11
What is the remainder when 79 is divided by 27?
25
Calculate the remainder when 98 is divided by 26.
20
Calculate the remainder when 445 is divided by 95.
65
Calculate the remainder when 99 is divided by 46.
7
Calculate the remainder when 188 is divided by 36.
8
Calculate the remainder when 589 is divided by 25.
14
Calculate the remainder when 71 is divided by 38.
33
What is the remainder when 811 is div